{"id":255,"date":"2016-10-28T08:24:48","date_gmt":"2016-10-28T08:24:48","guid":{"rendered":"http:\/\/kiet.online\/?page_id=255"},"modified":"2016-10-28T08:24:56","modified_gmt":"2016-10-28T08:24:56","slug":"universitaet-giessen","status":"publish","type":"page","link":"http:\/\/kiet.online\/?page_id=255","title":{"rendered":"Universit\u00e4t Gie\u00dfen"},"content":{"rendered":"<p>Institut f\u00fcr Evangelische Theologie<\/p>\n<p>Justus-Liebig-Universit\u00e4t Gie\u00dfen<br \/>\nFachbereich 04: Geschichts- und Kulturwissenschaften<br \/>\nKarl-Gl\u00f6ckner-Str. 21, Haus H<br \/>\n35394 Gie\u00dfen<\/p>\n<p><a href=\"http:\/\/www.uni-giessen.de\/cms\/fbz\/fb04\/institute\/evtheo\">http:\/\/www.uni-giessen.de\/cms\/fbz\/fb04\/institute\/evtheo<\/a><\/p>\n","protected":false},"excerpt":{"rendered":"<p>Institut f\u00fcr Evangelische Theologie Justus-Liebig-Universit\u00e4t Gie\u00dfen Fachbereich 04: Geschichts- und Kulturwissenschaften Karl-Gl\u00f6ckner-Str. 21, Haus H 35394 Gie\u00dfen http:\/\/www.uni-giessen.de\/cms\/fbz\/fb04\/institute\/evtheo<\/p>\n","protected":false},"author":1,"featured_media":0,"parent":18,"menu_order":0,"comment_status":"closed","ping_status":"closed","template":"","meta":{"footnotes":""},"class_list":["post-255","page","type-page","status-publish","hentry"],"_links":{"self":[{"href":"http:\/\/kiet.online\/index.php?rest_route=\/wp\/v2\/pages\/255","targetHints":{"allow":["GET"]}}],"collection":[{"href":"http:\/\/kiet.online\/index.php?rest_route=\/wp\/v2\/pages"}],"about":[{"href":"http:\/\/kiet.online\/index.php?rest_route=\/wp\/v2\/types\/page"}],"author":[{"embeddable":true,"href":"http:\/\/kiet.online\/index.php?rest_route=\/wp\/v2\/users\/1"}],"replies":[{"embeddable":true,"href":"http:\/\/kiet.online\/index.php?rest_route=%2Fwp%2Fv2%2Fcomments&post=255"}],"version-history":[{"count":2,"href":"http:\/\/kiet.online\/index.php?rest_route=\/wp\/v2\/pages\/255\/revisions"}],"predecessor-version":[{"id":257,"href":"http:\/\/kiet.online\/index.php?rest_route=\/wp\/v2\/pages\/255\/revisions\/257"}],"up":[{"embeddable":true,"href":"http:\/\/kiet.online\/index.php?rest_route=\/wp\/v2\/pages\/18"}],"wp:attachment":[{"href":"http:\/\/kiet.online\/index.php?rest_route=%2Fwp%2Fv2%2Fmedia&parent=255"}],"curies":[{"name":"wp","href":"https:\/\/api.w.org\/{rel}","templated":true}]}}